?
5
Suppose -12 = 10*q - 7*q, 0 = -5*m - 2*q + 792. Calculate the highest common divisor of 4 and m.
4
Suppose -4*q - 12*q + 1920 = 0. Suppose -3*l + 2*j = 7*j - q, 3*l - 3*j = 144. Calculate the highest common divisor of 9 and l.
9
Suppose -w = -4*c + 15 - 65, -4*c - 118 = -3*w. What is the greatest common factor of 289 and w?
17
Suppose -4*b + 13 = -31. What is the greatest common divisor of 187 and b?
11
Let g be (-582)/66 + (-4)/22. Let x = g - -15. Suppose -240 = -10*o + x*o. What is the greatest common factor of o and 24?
12
Let m(p) = -p**3 - 14*p**2 + 134*p + 26. Let i be m(-21). Calculate the highest common factor of i and 161.
23
Suppose 0 = -11*a + 6*a - 30. Let n(d) = 3*d**2 + 3*d + 6. Let g be n(a). Let y be (-1)/(2 + 75/(-36)). Calculate the highest common factor of y and g.
12
Let l = -6 - -84. Suppose -16*b + 19*b = l. What is the highest common factor of 234 and b?
26
Suppose 15*u + 23*u - 836 = 0. Let b be (-438)/(-4) - 1/(-2). What is the greatest common divisor of b and u?
22
Suppose 3*j = -3*l + 39, 35*j - 30*j = -l + 49. Calculate the highest common divisor of j and 288.
9
Suppose -918 = -8*h + 1042. Let g = 61 + h. Calculate the greatest common divisor of g and 34.
34
Let r = -3 - -13. Suppose 10*m = 5*m + 250. What is the greatest common divisor of m and r?
10
Let c be (52/39)/((-1)/(-18)). Let a = -23 + c. Let w(i) = i**3 - i**2 - i - 1. Let d be w(2). What is the highest common factor of a and d?
1
Suppose 23*d = 180 - 19. Suppose -3 = -2*f - 5*x + 22, 0 = -3*f + 4*x + 3. Let p = f - -9. What is the highest common factor of d and p?
7
Let u = 108 - 94. Let x be (504/(-27))/(2/(-3)). Calculate the greatest common divisor of x and u.
14
Let s be ((-5)/(25/(-35)))/((-10)/(-230)). Calculate the highest common divisor of 46 and s.
23
Suppose -4*m + 152 = -q + 5*q, -4*q + 116 = 3*m. Calculate the greatest common factor of m and 228.
12
Suppose -2322 + 252 = -23*u. Let x = 29 - 11. What is the greatest common factor of u and x?
18
Let x = -319 + 589. Calculate the greatest common factor of x and 36.
18
Let u be (((-75)/10)/(-15))/(2/16). What is the greatest common factor of u and 18?
2
Let f be (-20)/12*(-45)/3. Calculate the highest common divisor of 75 and f.
25
Let u be 4/(((-8)/(-50))/2). Let r = 54 - u. Calculate the greatest common divisor of 20 and r.
4
Let k be 6/(-5 - 43/(-8)). Suppose -k*b = -18*b + 68. Calculate the highest common divisor of 17 and b.
17
Suppose -7*h = -58 - 68. Let i be (2/4)/(2 + (-7)/4). What is the highest common divisor of h and i?
2
Suppose -42 = -3*w - l, -70 = 4*w - 9*w - 2*l. Let h(z) = 14*z**2 + z - 1. Let q be h(1). What is the greatest common factor of w and q?
14
Suppose 5*o + x + 2*x - 19 = 0, 12 = 4*x. Let s be (-3 - -4)/(o/30). Suppose -6*y = -7 - 11. What is the highest common divisor of y and s?
3
Let o(s) = s**3 - 3*s**2 - 14*s - 10. Suppose p = 3*b - 23, 10 = -4*p - p. Let z be o(b). Calculate the greatest common factor of z and 11.
11
Let y = -319 - -339. Calculate the greatest common factor of 2060 and y.
20
Suppose 26*l - 1350 = 32*l. Let o be l/(-10)*(4 + -2). What is the highest common divisor of o and 405?
45
Suppose -5*l + 5 = 4*t - 64, -4*l + t + 51 = 0. Let g(q) = 15*q + l*q - q**2 - 38*q. Let k be g(-5). What is the highest common divisor of k and 125?
25
Let u be 36/30*(-40)/(-6). Suppose 0 = 3*p - 2*y - u, 0 = p + 4*y + 9 + 7. Suppose p = -4*m + 36 + 48. What is the greatest common factor of 231 and m?
21
Suppose w + 917 = 3*n, -n - 3*w = -332 + 23. Calculate the highest common divisor of 9 and n.
9
Let s(m) = -23*m - 27. Suppose 3*i + 33 = -8*i. Let l be s(i). What is the greatest common divisor of 294 and l?
42
Suppose 0 = 1444*z - 1447*z + 123. Suppose 0 = 3*l - 4*g + 3*g - 857, 0 = 4*l - g - 1144. What is the highest common factor of z and l?
41
Suppose 0 = 16*u + 28*u - 1188. What is the greatest common factor of 342 and u?
9
Let x(j) = 4*j**2 + 13*j + 31. Let h be x(-4). Calculate the highest common divisor of h and 344.
43
Let d(u) = -9*u + 5. Let j = -35 + 32. Let b be d(j). What is the highest common divisor of 320 and b?
32
Suppose -5*n + 4*r - 230 = 0, -4*n - r - 4*r - 225 = 0. Let b = n - -185. Calculate the greatest common divisor of 15 and b.
15
Let o be (-12)/(-21) + (-158)/7. Let v = 27 + o. Suppose 3*f + n = 5, 0 = f - 2*f + 5*n + 7. Calculate the greatest common factor of v and f.
1
Let h be (-6)/6 + 0 - -197. Let d = 340 - h. What is the highest common divisor of 18 and d?
18
Let x(b) = 9*b**2 + 4*b + 5. Let n be x(2). What is the highest common factor of n and 441?
49
Let p(n) = -n**2 + 10*n - 6. Let d be p(7). Suppose 0 = 2*b - 21 + d. What is the highest common factor of 3 and b?
3
Let d = 2469 - 2379. What is the greatest common divisor of d and 162?
18
Let j be -7*(-1)/(-3)*-3. Suppose j*o = 7 + 917. Calculate the greatest common divisor of o and 12.
12
Let k = -70 + 106. Suppose 245 = -4*g + 1325. Suppose 4*h = -h + g. What is the greatest common factor of k and h?
18
Let r(i) = -80*i**2 + 9*i - 5. Let a be r(3). Let z = -467 - a. Calculate the highest common divisor of z and 21.
21
Let s be 5/(-15)*0 + -3 + 17. What is the highest common factor of 546 and s?
14
Suppose 0 = 2*y + 4*j - 172, 3*y - 3*j - 253 = -4*j. Calculate the highest common factor of 12 and y.
12
Let w = 18 + -8. Let i be 2*5/(w/63). Suppose 0*q + i = q. What is the greatest common factor of q and 21?
21
Let p = 473 + -293. What is the greatest common factor of p and 450?
90
Suppose 0 = -p - 0 - 6. Let b(g) = -5*g - 12. Let z be b(p). Calculate the highest common divisor of 18 and z.
18
Let k(p) = p**3 + 6*p**2 + 2*p + 4. Let n be k(-4). Suppose -172 = -4*q + n. Let j = -23 - -33. Calculate the greatest common divisor of q and j.
10
Let o(z) be the first derivative of 9*z**2/2 - 2*z - 4. Let x be 10/(-15) + (-8)/(-3). Let p be o(x). What is the greatest common divisor of 128 and p?
16
Suppose 4*w = 3*i + 227, -3*w - 19 = -7. Let n be 18/i + (-256)/(-18). What is the greatest common factor of 7 and n?
7
Suppose -5*g + 5*m + 470 = 0, -g + 3*m = -5*g + 390. Suppose -8*y = -11*y - g. Let d = y + 51. Calculate the greatest common divisor of 171 and d.
19
Let o = -27 - -25. Let d = 0 - o. Suppose 4*u = -d*j + 16 + 26, -4*j = 20. Calculate the highest common factor of 65 and u.
13
Let c be ((-952)/(-140))/((-1)/(-20)). Calculate the greatest common divisor of c and 17.
17
Let g be 94 + 3 - (10 - 7 - -4). What is the highest common factor of g and 330?
30
Suppose -5*m + 4*y = -0*y - 190, 0 = 2*m + 5*y - 109. Calculate the greatest common divisor of m and 24.
6
Let s = 40 - 26. Suppose 4*f - 64 = -5*k, 4*f = 3*k - 16 - 48. Suppose s = 5*m - k. Calculate the greatest common factor of m and 4.
2
Suppose -515 - 1465 = 6*m. Let j = 90 - m. Calculate the highest common factor of j and 60.
60
Let u be 6440/575*1/(1/50). What is the highest common factor of 42 and u?
14
Let n = 371 + -352. Calculate the greatest common factor of 931 and n.
19
Let g be 1300/18 - 2/9. Let r be (12/9)/(2/g). Suppose 0 = 2*m + c - 19 - 29, r = 2*m + 5*c. Calculate the greatest common factor of m and 96.
24
Let t(f) = f**2 + 10*f - 6. Let k be t(-11). Suppose m - k*a = -18, -5*m + 3*m - 4*a + 20 = 0. Calculate the highest common factor of 3 and m.
1
Let x = 10 - 7. Let v(w) = -21*w**2 - 9*w + 10*w**2 - x - w**3 - 1. Let a be v(-12). What is the greatest common factor of 31 and a?
31
Let b = -11 - -25. Let i be -2*(-1)/2*5. Suppose i*k - 64 = 111. Calculate the highest common factor of k and b.
7
Let o = 575 + -512. What is the greatest common factor of o and 21?
21
Let t = 1285 - 856. Suppose -3*h + 5*g + 127 = 0, -h - 10*g = -9*g - 37. Calculate the highest common factor of t and h.
39
Let y be ((-4)/1)/4 - 1. Let q be ((48/(-9))/(-4))/(y/(-45)). Let c = 31 + -11. What is the highest common factor of c and q?
10
Let b = 27 + -41. Let g(h) = h + 7 - 2*h - 2 - 3. Let a be g(b). What is the highest common divisor of 40 and a?
8
Let f(d) = -d**2 - 9*d - 3. Let o be f(-6). Suppose -2*a - 3 + o = 0. Suppose 3*r + 3*g - 5 = 4*r, 5*r - g = 17. What is the greatest common factor of r and a?
2
Let t = -44 + 94. Suppose -2*x + t = -3*a + a, -5*x - 5*a = -155. Let u be (-8)/(-12) - 124/(-3). What is the highest com